at is -30 - 11230021223?
-11230021313
In base 15, what is -b55bb - 9?
-b55c5
In base 12, what is -24 - -16471?
16449
In base 9, what is -2686217617 - 2?
-2686217620
In base 5, what is -4 - 1114240131?
-1114240140
In base 3, what is 1200 - 200201222010?
-200201220110
In base 10, what is -1419850 + -4?
-1419854
In base 15, what is 25 - 1b279?
-1b254
In base 7, what is -35 - 124463?
-124531
In base 15, what is -57643 - 35?
-57678
In base 14, what is -5 - 1a86483?
-1a86488
In base 10, what is -178 - -1527006?
1526828
In base 6, what is -221 - -42150035?
42145414
In base 7, what is -24463 + 6521?
-14642
In base 16, what is 12 - -69533?
69545
In base 5, what is 4224002014 - -3?
4224002022
In base 12, what is -3 - -16b24263?
16b24260
In base 2, what is -11110000001100 + -1101100000101?
-101011100010001
In base 13, what is 1140 + -74a4?
-6364
In base 16, what is 2b7 + -24b?
6c
In base 10, what is 8202 - -500?
8702
In base 14, what is -38 - 36cd8?
-36d32
In base 5, what is -1114243342 - -11?
-1114243331
In base 16, what is -88d7889 + -3?
-88d788c
In base 16, what is 6 - 9369f1?
-9369eb
In base 10, what is 11917961 - -13?
11917974
In base 10, what is -40989 + -1010?
-41999
In base 4, what is 323002220311 + -11?
323002220300
In base 5, what is 301421014 - -32?
301421101
In base 3, what is 11 + 110200111212002100?
110200111212002111
In base 3, what is 10 - 200102020012120?
-200102020012110
In base 14, what is 944a + 425?
9871
In base 14, what is 0 + 904021c?
904021c
In base 13, what is 11 - -2abb09?
2abb1a
In base 10, what is 1 + -4216864?
-4216863
In base 15, what is -2 + -8b04a4?
-8b04a6
In base 14, what is -1b3ca - 2140?
-1d52a
In base 12, what is -1a4 + 1b223?
1b03b
In base 6, what is 15542 + -43351?
-23405
In base 15, what is -1d06162 + 2?
-1d06160
In base 16, what is -271aa - -51?
-27159
In base 13, what is -269932 + 0?
-269932
In base 2, what is -101100011110000101110001 + 11?
-101100011110000101101110
In base 11, what is -26 - -64a191?
64a166
In base 14, what is 13a70d6 - 3?
13a70d3
In base 10, what is 35904 + -616?
35288
In base 15, what is -ee + 872c2?
871c3
In base 7, what is 110636 - -6011?
116650
In base 4, what is -20321030200 - -10232?
-20321013302
In base 13, what is -5 + -8a2432?
-8a2437
In base 13, what is 2233 - 766?
179a
In base 9, what is -43506000 + -23?
-43506023
In base 16, what is 1 - f3b1f4?
-f3b1f3
In base 6, what is 1 - -43200050?
43200051
In base 6, what is 3202012 + 11?
3202023
In base 5, what is 11 + 41413211?
41413222
In base 9, what is -1 + 70304178?
70304177
In base 3, what is -10201111 + 22121210?
11220022
In base 2, what is 10101001001101110011000100 + 110?
10101001001101110011001010
In base 4, what is -2 - 1021322023223?
-1021322023231
In base 13, what is -6 + 204b5a2?
204b599
In base 16, what is -85b + -13394?
-13bef
In base 2, what is 1011100110011100 - -1001000?
1011100111100100
In base 14, what is 0 + -15c1bb6?
-15c1bb6
In base 4, what is -1102103320022 + 22?
-1102103320000
In base 5, what is -1441413434 + -10?
-1441413444
In base 15, what is -2a6ce6cc - -2?
-2a6ce6ca
In base 2, what is 1011000100110101 - -10100?
1011000101001001
In base 3, what is -201022200100 - -1111021?
-201021012002
In base 10, what is -148038818 + 1?
-148038817
In base 11, what is 0 - -194436a9?
194436a9
In base 15, what is b6593 - 86d?
b5c25
In base 10, what is 1718964 + 12?
1718976
In base 13, what is a82ba + 163?
a8450
In base 10, what is 89945486 + -5?
89945481
In base 12, what is -777232 - -6?
-777228
In base 14, what is -60c + 1b20a?
1a9dc
In base 9, what is -3 - -2770363?
2770360
In base 8, what is 220 + -70746?
-70526
In base 7, what is -1 - -414662525?
414662524
In base 2, what is 11000110000101 + -100011101?
11000001101000
In base 2, what is -11 - 10101111100010000011100100?
-10101111100010000011100111
In base 5, what is -200424 + 1123031?
422102
In base 8, what is 1343232 - 1035?
1342175
In base 3, what is 110022011200220010 - 21?
110022011200212212
In base 16, what is 0 - 30c5075?
-30c5075
In base 2, what is 100 + 10110000000001001110010?
10110000000001001110110
In base 5, what is -22 + 100001144344?
100001144322
In base 14, what is 731a + ac?
73c8
In base 6, what is 1232453552 - -3?
1232453555
In base 16, what is -1f - -9a4f?
9a30
In base 8, what is -166177176 + 0?
-166177176
In base 14, what is -4a6c25 - 8?
-4a6c2d
In base 3, what is 111000021 + -111021?
110112000
In base 2, what is -11100100000011110 + 111000011?
-11100011001011011
In base 13, what is -4c903 - -11?
-4c8c2
In base 9, what is 3351 + -4404?
-1043
In base 8, what is 7553542 - 0?
7553542
In base 2, what is 10101 + -101101001101000101?
-101101001100110000
In base 12, what is -963 - 24a2?
-3245
In base 6, what is -1221124 + 11?
-1221113
In base 8, what is -6506242 + -61?
-6506323
In base 15, what is -2 - 782cd6?
-782cd8
In base 8, what is -11724 - -37371?
25445
In base 7, what is 4 + 200611256?
200611263
In base 2, what is -1101011 - 100100110110?
-100110100001
In base 13, what is -60cb51 + 2?
-60cb4c
In base 5, what is 33 - -1033422030?
1033422113
In base 15, what is -2d19 - -1037?
-1cd2
In base 14, what is -30 - 2944c1?
-294511
In base 14, what is 1b7b415 - -21?
1b7b436
In base 2, what is 11111010001 + 101000011?
100100010100
In base 7, what is -5 - 134222311?
-134222316
In base 10, what is 88 + 1478187?
1478275
In base 15, what is 22282a6 + -1?
22282a5
In base 5, what is 11 + -41021100213?
-41021100202
In base 10, what is -1071422 - 10?
-1071432
In base 16, what is -2550e1 + 26?
-2550bb
In base 12, what is -3 + b646468?
b646465
In base 3, what is 22211212120 + 100?
22211212220
In base 14, what is -7706 - -496?
-7250
In base 8, what is -234 + 555070?
554634
In base 8, what is -5013654 + -1?
-5013655
In base 4, what is 10111133221113 + 33?
10111133221212
In base 5, what is 4 - -4110002410?
4110002414
In base 15, what is 6bd5d - -1?
6bd5e
In base 5, what is 103403424213 - 1?
103403424212
In base 14, what is 77c1 - -8169?
1194a
In base 7, what is 0 + -203445131?
-203445131
In base 7, what is 6 - 26462501?
-26462462
In base 16, what is 3 - 1442521a?
-14425217
In base 11, what is 5 - -38101?
38106
In base 16, what is 13256f + -67?
132508
In base 15, what is 585 - -1102?
1687
In base 7, what is 344256201 - 33?
344256135
In base 10, what is 35 + 161673?
161708
In base 6, what is 4 + 2442104?
2442112
In base 8, what is -17624 - 1476?
-21322
In base 16, what is 3 - -adc8e82?
adc8e85
In base 6, what is 53 - 21510?
-21413
In base 2, what is -1111101010111011001 - -10010?
-1111101010111000111
In base 6, what is 2 - -224043541?
224043543
In base 15, what is 8046 + 14d?
8194
In base 5, what is -132034402 - 33?
-132034440
In base 12, what is -849b254 - -2?
-849b252
In base 16, what is -18 + -742af1?
-742b09
In base 2, what is -1000001001 - -111010001101110101?
111010000101101100
In base 12, what is -126138 + 144?
-125bb4
In base 5, what is 23 + 101314402?
101314430
In base 16, what is 4 + -26b98e?
-26b98a
In base 4, what is 10 + -113003220113?
-113003220103
In base 3, what is -1000000 + -2000122222?
-2001122222
In base 10, what is 19737 - 8?
19729
In base 11, what is 46622 + -188?
46445
In base 11, what is -19910083 + -1?
-19910084
In base 10, what is 3057456 - 16?
3057440
In base 15, what is -2ecb5 + 4d1?
-2e7d4
In base 13, what is -31b3 + -b60?
-4043
In base 13, what is -35 - 904bb?
-90523
In base 6, what is -15 + 25522031?
25522012
In base 6, what is -112433413 + -15?
-112433432
In base 14, what is d99 - -b372?
c32b
In base 14, what is 6883 - -237c?
8c21
In base 5, what is -1042020302232 - -4?
-1042020302223
In base 14, what is 25cbab3b + 5?
25cbab42
In base 12, what is 60 + -1575246?
-15751a6
In base 13, what is -466233 + -16?
-466249
In base 11, what is -1009a69a - -1?
-1009a699
In base 11, what is 5 + 22a1041?
22a1046
In base 3, what is 1020201102012 + -21?
1020201101221
In base 12, what is 3 + -773164?
-773161
In base 9, what is 1658735 + -16?
1658718
In base 2, what is 110111 + -1001100000000010110101011?
-1001100000000010101110100
In base 7, what is -5020 + 2315234?
2310214
In base 9, what is -12486 - 43?
-12540
In base 8, what is 67454 + 3310?
72764
In base 3, what is 2022001112111121 - -2?
2022001112111200
In base 7, what is -122522462 - -2?
-122522460
In base 3, w